{"id":14,"date":"2021-02-10T18:07:56","date_gmt":"2021-02-10T17:07:56","guid":{"rendered":"https:\/\/yellostudio.eu\/?page_id=14"},"modified":"2024-08-16T11:29:29","modified_gmt":"2024-08-16T09:29:29","slug":"oferta","status":"publish","type":"page","link":"https:\/\/yellostudio.eu\/?page_id=14","title":{"rendered":"OFERTA"},"content":{"rendered":"<p>[et_pb_section fb_built=&#8221;1&#8243; _builder_version=&#8221;4.16&#8243; _module_preset=&#8221;default&#8221; background_color=&#8221;gcid-08622478-e68a-4b8e-a5b0-91ecbfbe3775&#8243; background_enable_color=&#8221;off&#8221; custom_padding=&#8221;6px||11px|||&#8221; locked=&#8221;off&#8221; global_colors_info=&#8221;{%22gcid-08622478-e68a-4b8e-a5b0-91ecbfbe3775%22:%91%22background_color%22%93}&#8221;][et_pb_row _builder_version=&#8221;4.16&#8243; _module_preset=&#8221;default&#8221; module_alignment=&#8221;center&#8221; custom_margin=&#8221;42px|0px|0px|0px|false|false&#8221; custom_padding=&#8221;0px|0px|0px|0px|false|false&#8221; global_colors_info=&#8221;{}&#8221;][et_pb_column type=&#8221;4_4&#8243; _builder_version=&#8221;4.16&#8243; _module_preset=&#8221;default&#8221; global_colors_info=&#8221;{}&#8221;][et_pb_text _builder_version=&#8221;4.16&#8243; _module_preset=&#8221;default&#8221; text_font=&#8221;Poppins||||||||&#8221; text_text_color=&#8221;#000000&#8243; text_font_size=&#8221;29px&#8221; text_line_height=&#8221;1.4em&#8221; custom_margin=&#8221;6px|6px|6px|6px|true|true&#8221; custom_padding=&#8221;1px|||||&#8221; text_line_height_tablet=&#8221;&#8221; text_line_height_phone=&#8221;&#8221; text_line_height_last_edited=&#8221;on|phone&#8221; global_colors_info=&#8221;{}&#8221;]<\/p>\n<p style=\"text-align: center;\"><strong>co mog\u0119 dla Ciebie zrobi\u0107?<\/strong><\/p>\n<p>[\/et_pb_text][\/et_pb_column][\/et_pb_row][\/et_pb_section][et_pb_section fb_built=&#8221;1&#8243; _builder_version=&#8221;4.16&#8243; _module_preset=&#8221;default&#8221; global_colors_info=&#8221;{}&#8221;][et_pb_row column_structure=&#8221;1_3,1_3,1_3&#8243; _builder_version=&#8221;4.23.4&#8243; _module_preset=&#8221;default&#8221; custom_padding=&#8221;|35px||35px||true&#8221; locked=&#8221;off&#8221; global_colors_info=&#8221;{}&#8221;][et_pb_column type=&#8221;1_3&#8243; _builder_version=&#8221;4.16&#8243; _module_preset=&#8221;default&#8221; custom_padding=&#8221;18px|11px|18px|11px|true|true&#8221; border_color_all=&#8221;gcid-08622478-e68a-4b8e-a5b0-91ecbfbe3775&#8243; global_colors_info=&#8221;{%22gcid-08622478-e68a-4b8e-a5b0-91ecbfbe3775%22:%91%22border_color_all%22%93}&#8221; border_width_all__hover=&#8221;2px&#8221; border_width_all__hover_enabled=&#8221;on|hover&#8221;][et_pb_image src=&#8221;https:\/\/yellostudio.eu\/wp-content\/uploads\/2021\/03\/Insta_tlo.png&#8221; title_text=&#8221;Insta_tlo&#8221; url=&#8221;@ET-DC@eyJkeW5hbWljIjp0cnVlLCJjb250ZW50IjoicG9zdF9saW5rX3VybF9wYWdlIiwic2V0dGluZ3MiOnsicG9zdF9pZCI6IjE5MyJ9fQ==@&#8221; _builder_version=&#8221;4.17.3&#8243; _dynamic_attributes=&#8221;url&#8221; _module_preset=&#8221;default&#8221; z_index=&#8221;-67&#8243; custom_margin=&#8221;||-27px|||&#8221; global_colors_info=&#8221;{}&#8221;][\/et_pb_image][et_pb_text _builder_version=&#8221;4.17.3&#8243; _module_preset=&#8221;default&#8221; text_font=&#8221;Poppins|800|||||||&#8221; text_text_color=&#8221;gcid-08622478-e68a-4b8e-a5b0-91ecbfbe3775&#8243; text_font_size=&#8221;62px&#8221; z_index=&#8221;-17&#8243; hover_transition_duration=&#8221;0ms&#8221; hover_transition_speed_curve=&#8221;ease-in-out&#8221; global_colors_info=&#8221;{%22gcid-08622478-e68a-4b8e-a5b0-91ecbfbe3775%22:%91%22text_text_color%22%93}&#8221;]<\/p>\n<p>01<\/p>\n<p>[\/et_pb_text][et_pb_text _builder_version=&#8221;4.20.2&#8243; _module_preset=&#8221;default&#8221; text_font=&#8221;Poppins||||||||&#8221; text_text_color=&#8221;#000000&#8243; text_font_size=&#8221;22px&#8221; text_orientation=&#8221;center&#8221; custom_margin=&#8221;-34px|||||&#8221; global_colors_info=&#8221;{}&#8221;]<\/p>\n<p><strong>ODPICOWANY<\/strong><br \/><strong>INSTAGRAM<\/strong><\/p>\n<p>[\/et_pb_text][et_pb_button button_url=&#8221;@ET-DC@eyJkeW5hbWljIjp0cnVlLCJjb250ZW50IjoicG9zdF9saW5rX3VybF9wYWdlIiwic2V0dGluZ3MiOnsicG9zdF9pZCI6IjE5MyJ9fQ==@&#8221; button_text=&#8221;zobacz ofert\u0119&#8221; button_alignment=&#8221;center&#8221; _builder_version=&#8221;4.21.0&#8243; _dynamic_attributes=&#8221;button_url&#8221; _module_preset=&#8221;default&#8221; custom_button=&#8221;on&#8221; button_text_size=&#8221;18px&#8221; button_text_color=&#8221;#000000&#8243; button_bg_color=&#8221;gcid-08622478-e68a-4b8e-a5b0-91ecbfbe3775&#8243; button_border_width=&#8221;2px&#8221; button_border_color=&#8221;gcid-9e4c90fa-1c36-4a85-8e6b-1acd189a74b7&#8243; button_border_radius=&#8221;0px&#8221; button_font=&#8221;Poppins|||||on|||&#8221; button_icon=&#8221;&#x24;||divi||400&#8243; button_on_hover=&#8221;off&#8221; background_layout=&#8221;dark&#8221; custom_margin=&#8221;32px||||false|false&#8221; box_shadow_style=&#8221;preset4&#8243; box_shadow_horizontal=&#8221;4px&#8221; box_shadow_vertical=&#8221;4px&#8221; box_shadow_color=&#8221;#000000&#8243; locked=&#8221;off&#8221; global_colors_info=&#8221;{%22gcid-9e4c90fa-1c36-4a85-8e6b-1acd189a74b7%22:%91%22button_border_color%22%93,%22gcid-08622478-e68a-4b8e-a5b0-91ecbfbe3775%22:%91%22button_border_color%22,%22button_bg_color%22%93}&#8221;][\/et_pb_button][\/et_pb_column][et_pb_column type=&#8221;1_3&#8243; _builder_version=&#8221;4.23.4&#8243; _module_preset=&#8221;default&#8221; custom_padding=&#8221;18px|11px|18px|11px|true|true&#8221; border_color_all=&#8221;gcid-08622478-e68a-4b8e-a5b0-91ecbfbe3775&#8243; global_colors_info=&#8221;{%22gcid-08622478-e68a-4b8e-a5b0-91ecbfbe3775%22:%91%22border_color_all%22%93}&#8221; border_width_all__hover_enabled=&#8221;on|hover&#8221; border_width_all__hover=&#8221;2px&#8221;][et_pb_image src=&#8221;https:\/\/yellostudio.eu\/wp-content\/uploads\/2021\/02\/Papeteria_Przezr.png&#8221; title_text=&#8221;Papeteria_Przezr&#8221; url=&#8221;@ET-DC@eyJkeW5hbWljIjp0cnVlLCJjb250ZW50IjoicG9zdF9saW5rX3VybF9wYWdlIiwic2V0dGluZ3MiOnsicG9zdF9pZCI6IjExNSJ9fQ==@&#8221; _builder_version=&#8221;4.16&#8243; _dynamic_attributes=&#8221;url&#8221; _module_preset=&#8221;default&#8221; custom_margin=&#8221;||-27px|||&#8221; global_colors_info=&#8221;{}&#8221;][\/et_pb_image][et_pb_text _builder_version=&#8221;4.16&#8243; _module_preset=&#8221;default&#8221; text_font=&#8221;Poppins|800|||||||&#8221; text_text_color=&#8221;gcid-08622478-e68a-4b8e-a5b0-91ecbfbe3775&#8243; text_font_size=&#8221;62px&#8221; global_colors_info=&#8221;{%22gcid-08622478-e68a-4b8e-a5b0-91ecbfbe3775%22:%91%22text_text_color%22%93}&#8221;]<\/p>\n<p>02<\/p>\n<p>[\/et_pb_text][et_pb_text _builder_version=&#8221;4.20.2&#8243; _module_preset=&#8221;default&#8221; text_font=&#8221;Poppins||||||||&#8221; text_text_color=&#8221;#000000&#8243; text_font_size=&#8221;22px&#8221; z_index=&#8221;12&#8243; text_orientation=&#8221;center&#8221; custom_margin=&#8221;-34px|||||&#8221; global_colors_info=&#8221;{}&#8221;]<\/p>\n<p><strong>OPRAWA GRAFICZNA MARKI<\/strong><\/p>\n<p>[\/et_pb_text][et_pb_button button_url=&#8221;@ET-DC@eyJkeW5hbWljIjp0cnVlLCJjb250ZW50IjoicG9zdF9saW5rX3VybF9wYWdlIiwic2V0dGluZ3MiOnsicG9zdF9pZCI6IjExNSJ9fQ==@&#8221; button_text=&#8221;zobacz ofert\u0119&#8221; button_alignment=&#8221;center&#8221; _builder_version=&#8221;4.21.0&#8243; _dynamic_attributes=&#8221;button_url&#8221; _module_preset=&#8221;default&#8221; custom_button=&#8221;on&#8221; button_text_size=&#8221;18px&#8221; button_text_color=&#8221;#000000&#8243; button_bg_color=&#8221;gcid-08622478-e68a-4b8e-a5b0-91ecbfbe3775&#8243; button_border_width=&#8221;2px&#8221; button_border_color=&#8221;gcid-9e4c90fa-1c36-4a85-8e6b-1acd189a74b7&#8243; button_border_radius=&#8221;0px&#8221; button_font=&#8221;Poppins|||||on|||&#8221; button_icon=&#8221;&#x24;||divi||400&#8243; button_on_hover=&#8221;off&#8221; background_layout=&#8221;dark&#8221; custom_margin=&#8221;32px||||false|false&#8221; box_shadow_style=&#8221;preset4&#8243; box_shadow_horizontal=&#8221;4px&#8221; box_shadow_vertical=&#8221;4px&#8221; box_shadow_color=&#8221;#000000&#8243; locked=&#8221;off&#8221; global_colors_info=&#8221;{%22gcid-9e4c90fa-1c36-4a85-8e6b-1acd189a74b7%22:%91%22button_border_color%22%93,%22gcid-08622478-e68a-4b8e-a5b0-91ecbfbe3775%22:%91%22button_border_color%22,%22button_bg_color%22%93}&#8221;][\/et_pb_button][\/et_pb_column][et_pb_column type=&#8221;1_3&#8243; _builder_version=&#8221;4.16&#8243; _module_preset=&#8221;default&#8221; custom_padding=&#8221;18px|11px|18px|11px|true|true&#8221; border_color_all=&#8221;gcid-08622478-e68a-4b8e-a5b0-91ecbfbe3775&#8243; global_colors_info=&#8221;{%22gcid-08622478-e68a-4b8e-a5b0-91ecbfbe3775%22:%91%22border_color_all%22%93}&#8221; border_width_all__hover=&#8221;2px&#8221; border_width_all__hover_enabled=&#8221;on|hover&#8221;][et_pb_image src=&#8221;https:\/\/yellostudio.eu\/wp-content\/uploads\/2021\/02\/Komp_Przezr.png&#8221; title_text=&#8221;Komp_Przezr&#8221; url=&#8221;@ET-DC@eyJkeW5hbWljIjp0cnVlLCJjb250ZW50IjoicG9zdF9saW5rX3VybF9wYWdlIiwic2V0dGluZ3MiOnsicG9zdF9pZCI6IjE3MSJ9fQ==@&#8221; _builder_version=&#8221;4.20.2&#8243; _dynamic_attributes=&#8221;url&#8221; _module_preset=&#8221;default&#8221; custom_margin=&#8221;||-27px|||&#8221; global_colors_info=&#8221;{}&#8221;][\/et_pb_image][et_pb_text _builder_version=&#8221;4.17.3&#8243; _module_preset=&#8221;default&#8221; text_font=&#8221;Poppins|800|||||||&#8221; text_text_color=&#8221;gcid-08622478-e68a-4b8e-a5b0-91ecbfbe3775&#8243; text_font_size=&#8221;62px&#8221; z_index=&#8221;-24&#8243; global_colors_info=&#8221;{%22gcid-08622478-e68a-4b8e-a5b0-91ecbfbe3775%22:%91%22text_text_color%22%93}&#8221;]<\/p>\n<p>03<\/p>\n<p>[\/et_pb_text][et_pb_text _builder_version=&#8221;4.20.2&#8243; _module_preset=&#8221;default&#8221; text_font=&#8221;Poppins||||||||&#8221; text_text_color=&#8221;#000000&#8243; text_font_size=&#8221;22px&#8221; text_orientation=&#8221;center&#8221; custom_margin=&#8221;-34px|||||&#8221; global_colors_info=&#8221;{}&#8221;]<\/p>\n<p style=\"text-align: center;\"><strong>TWOJA PI\u0118KNA<\/strong><br \/><strong>STRONA WWW<\/strong><\/p>\n<p>[\/et_pb_text][et_pb_button button_url=&#8221;@ET-DC@eyJkeW5hbWljIjp0cnVlLCJjb250ZW50IjoicG9zdF9saW5rX3VybF9wYWdlIiwic2V0dGluZ3MiOnsicG9zdF9pZCI6IjE3MSJ9fQ==@&#8221; button_text=&#8221;zobacz ofert\u0119&#8221; button_alignment=&#8221;center&#8221; _builder_version=&#8221;4.21.0&#8243; _dynamic_attributes=&#8221;button_url&#8221; _module_preset=&#8221;default&#8221; custom_button=&#8221;on&#8221; button_text_size=&#8221;18px&#8221; button_text_color=&#8221;#000000&#8243; button_bg_color=&#8221;gcid-08622478-e68a-4b8e-a5b0-91ecbfbe3775&#8243; button_border_width=&#8221;2px&#8221; button_border_color=&#8221;gcid-9e4c90fa-1c36-4a85-8e6b-1acd189a74b7&#8243; button_border_radius=&#8221;0px&#8221; button_font=&#8221;Poppins|||||on|||&#8221; button_icon=&#8221;&#x24;||divi||400&#8243; button_on_hover=&#8221;off&#8221; background_layout=&#8221;dark&#8221; custom_margin=&#8221;32px||||false|false&#8221; box_shadow_style=&#8221;preset4&#8243; box_shadow_horizontal=&#8221;4px&#8221; box_shadow_vertical=&#8221;4px&#8221; box_shadow_color=&#8221;#000000&#8243; locked=&#8221;off&#8221; global_colors_info=&#8221;{%22gcid-9e4c90fa-1c36-4a85-8e6b-1acd189a74b7%22:%91%22button_border_color%22%93,%22gcid-08622478-e68a-4b8e-a5b0-91ecbfbe3775%22:%91%22button_border_color%22,%22button_bg_color%22%93}&#8221;][\/et_pb_button][\/et_pb_column][\/et_pb_row][\/et_pb_section]<\/p>\n","protected":false},"excerpt":{"rendered":"<p>co mog\u0119 dla Ciebie zrobi\u0107?01ODPICOWANYINSTAGRAM02OPRAWA GRAFICZNA MARKI03TWOJA PI\u0118KNASTRONA WWW<\/p>\n","protected":false},"author":1,"featured_media":0,"parent":0,"menu_order":0,"comment_status":"closed","ping_status":"closed","template":"","meta":{"_et_pb_use_builder":"on","_et_pb_old_content":"<!-- wp:divi\/placeholder \/-->","_et_gb_content_width":"","footnotes":""},"class_list":["post-14","page","type-page","status-publish","hentry"],"_links":{"self":[{"href":"https:\/\/yellostudio.eu\/index.php?rest_route=\/wp\/v2\/pages\/14","targetHints":{"allow":["GET"]}}],"collection":[{"href":"https:\/\/yellostudio.eu\/index.php?rest_route=\/wp\/v2\/pages"}],"about":[{"href":"https:\/\/yellostudio.eu\/index.php?rest_route=\/wp\/v2\/types\/page"}],"author":[{"embeddable":true,"href":"https:\/\/yellostudio.eu\/index.php?rest_route=\/wp\/v2\/users\/1"}],"replies":[{"embeddable":true,"href":"https:\/\/yellostudio.eu\/index.php?rest_route=%2Fwp%2Fv2%2Fcomments&post=14"}],"version-history":[{"count":24,"href":"https:\/\/yellostudio.eu\/index.php?rest_route=\/wp\/v2\/pages\/14\/revisions"}],"predecessor-version":[{"id":336233,"href":"https:\/\/yellostudio.eu\/index.php?rest_route=\/wp\/v2\/pages\/14\/revisions\/336233"}],"wp:attachment":[{"href":"https:\/\/yellostudio.eu\/index.php?rest_route=%2Fwp%2Fv2%2Fmedia&parent=14"}],"curies":[{"name":"wp","href":"https:\/\/api.w.org\/{rel}","templated":true}]}}