{"id":335554,"date":"2023-06-20T10:41:24","date_gmt":"2023-06-20T08:41:24","guid":{"rendered":"https:\/\/yellostudio.eu\/?page_id=335554"},"modified":"2024-05-23T06:54:10","modified_gmt":"2024-05-23T04:54:10","slug":"skarby-jogi-dla-dzieci","status":"publish","type":"page","link":"https:\/\/yellostudio.eu\/?page_id=335554","title":{"rendered":"Skarby jogi dla dzieci"},"content":{"rendered":"<p>[et_pb_section fb_built=&#8221;1&#8243; _builder_version=&#8221;4.21.0&#8243; _module_preset=&#8221;default&#8221; custom_padding=&#8221;0px||77px|||&#8221; locked=&#8221;off&#8221; global_colors_info=&#8221;{}&#8221;][et_pb_row _builder_version=&#8221;4.21.0&#8243; _module_preset=&#8221;default&#8221; width=&#8221;100%&#8221; width_tablet=&#8221;100%&#8221; width_phone=&#8221;100%&#8221; width_last_edited=&#8221;on|phone&#8221; max_width=&#8221;1220px&#8221; max_width_tablet=&#8221;1201px&#8221; max_width_phone=&#8221;1201px&#8221; max_width_last_edited=&#8221;on|phone&#8221; custom_margin=&#8221;|auto|-18px|auto||&#8221; custom_padding=&#8221;3px||1px|||&#8221; global_colors_info=&#8221;{}&#8221;][et_pb_column type=&#8221;4_4&#8243; _builder_version=&#8221;4.17.3&#8243; _module_preset=&#8221;default&#8221; global_colors_info=&#8221;{}&#8221;][et_pb_image src=&#8221;https:\/\/yellostudio.eu\/wp-content\/uploads\/2023\/06\/portfolio-na-strone-23.png&#8221; title_text=&#8221;portfolio na strone-22&#8243; src_tablet=&#8221;https:\/\/yellostudio.eu\/wp-content\/uploads\/2023\/06\/rodzicielstwo-08.png&#8221; src_phone=&#8221;https:\/\/yellostudio.eu\/wp-content\/uploads\/2023\/06\/portfolio-na-strone-22-1.png&#8221; src_last_edited=&#8221;on|phone&#8221; _builder_version=&#8221;4.21.0&#8243; _module_preset=&#8221;default&#8221; custom_margin=&#8221;||-8px|||&#8221; custom_margin_tablet=&#8221;||-8px|||&#8221; custom_margin_phone=&#8221;80px||1px||false|false&#8221; custom_margin_last_edited=&#8221;on|phone&#8221; global_colors_info=&#8221;{}&#8221;][\/et_pb_image][et_pb_text _builder_version=&#8221;4.21.0&#8243; _module_preset=&#8221;default&#8221; text_font=&#8221;Poppins|300|||||||&#8221; text_text_color=&#8221;#000000&#8243; text_font_size=&#8221;18px&#8221; text_line_height=&#8221;1.3em&#8221; background_color=&#8221;#f2f1b0&#8243; custom_margin=&#8221;0px||0px|7px|true|false&#8221; custom_margin_tablet=&#8221;0px||0px|7px|true|false&#8221; custom_margin_phone=&#8221;-1px|0px|-1px|0px|true|true&#8221; custom_margin_last_edited=&#8221;on|phone&#8221; custom_padding=&#8221;155px|194px|155px|194px|true|true&#8221; custom_padding_tablet=&#8221;155px|262px|155px|262px|true|true&#8221; custom_padding_phone=&#8221;40px|30px|40px|30px|true|true&#8221; custom_padding_last_edited=&#8221;on|phone&#8221; text_font_size_tablet=&#8221;22px&#8221; text_font_size_phone=&#8221;16px&#8221; text_font_size_last_edited=&#8221;on|phone&#8221; global_colors_info=&#8221;{}&#8221;]<\/p>\n<p>Agnieszka, kt\u00f3ra tworzy mark\u0119 Skarby Jogi dla Dzieci jest <mark2>pe\u0142n\u0105 pasji edukatork\u0105, kt\u00f3ra pokazuje dzieciom, rodzicom i nauczycielom, \u017ce joga to wspania\u0142y spos\u00f3b na sp\u0119dzenie czasu.<\/mark2><span>Zale\u017cy jej na tym, aby jak najwi\u0119cej dzieci i nastolatk\u00f3w spotka\u0142o si\u0119 z jog\u0105, bo ka\u017cdego dnia obserwuje, jakie wspania\u0142e efekty przynosi ona dla ich rozwoju.<\/span><\/p>\n<p>Jej marka posiada\u0142a ju\u017c rozpoznawalny zestaw kolor\u00f3w, kt\u00f3ry nieco dopie\u015bci\u0142am i wzbogaci\u0142am o kilka odcieni tak, <mark2>aby z \u0142atwo\u015bci\u0105 mo\u017cna by\u0142o komponowa\u0107 kolejne materia\u0142y graficzne.<\/mark2><\/p>\n<p>Zaprojektowa\u0142am <mark2>logo oraz jego skr\u00f3con\u0105 form\u0119 &#8211; sygnet, kt\u00f3ry sta\u0142 si\u0119 rozpoznawalnym elementem na instagramowych grafikach.<\/mark2> Podczas naszej wsp\u00f3\u0142pracy powsta\u0142y r\u00f3wnie\u017c dedykowane marce ilustracje, zestaw ikonek, a tak\u017ce layout\u00f3w do medi\u00f3w spo\u0142eczno\u015bciowych oraz ok\u0142adek do e-book\u00f3w, <mark2>kt\u00f3re Agnieszka z powodzeniem rozwija tworz\u0105c opraw\u0119 graficzn\u0105 dla kolejnych produkt\u00f3w.<\/mark2><\/p>\n<p>[\/et_pb_text][et_pb_image src=&#8221;https:\/\/yellostudio.eu\/wp-content\/uploads\/2023\/06\/portfolio-na-strone-24.png&#8221; title_text=&#8221;portfolio na strone-24&#8243; align=&#8221;center&#8221; _builder_version=&#8221;4.21.0&#8243; _module_preset=&#8221;default&#8221; custom_margin=&#8221;||0px||false|false&#8221; custom_margin_tablet=&#8221;||0px||false|false&#8221; custom_margin_phone=&#8221;||0px|0px|false|false&#8221; custom_margin_last_edited=&#8221;on|phone&#8221; custom_padding=&#8221;|7px|0px|7px|false|true&#8221; custom_padding_tablet=&#8221;|7px|0px|7px|false|true&#8221; custom_padding_phone=&#8221;|0px||0px|false|true&#8221; custom_padding_last_edited=&#8221;on|phone&#8221; global_colors_info=&#8221;{}&#8221;][\/et_pb_image][et_pb_text _builder_version=&#8221;4.21.0&#8243; _module_preset=&#8221;default&#8221; text_font_size=&#8221;13px&#8221; custom_margin=&#8221;13px||10px||false|false&#8221; global_colors_info=&#8221;{}&#8221;]<\/p>\n<p style=\"text-align: center;\">Sygnet zbudowany z element\u00f3w logotypu<\/p>\n<p>[\/et_pb_text][et_pb_image src=&#8221;https:\/\/yellostudio.eu\/wp-content\/uploads\/2023\/06\/portfolio-na-strone-25.png&#8221; title_text=&#8221;portfolio na strone-25&#8243; _builder_version=&#8221;4.21.0&#8243; _module_preset=&#8221;default&#8221; background_color=&#8221;#f4f7fc&#8221; custom_margin=&#8221;0px||23px||false|false&#8221; custom_margin_tablet=&#8221;0px||0px||false|false&#8221; custom_margin_phone=&#8221;0px||0px||false|false&#8221; custom_margin_last_edited=&#8221;on|phone&#8221; custom_padding=&#8221;||0px||false|false&#8221; global_colors_info=&#8221;{}&#8221;][\/et_pb_image][et_pb_text _builder_version=&#8221;4.21.0&#8243; _module_preset=&#8221;default&#8221; text_font_size=&#8221;13px&#8221; custom_margin=&#8221;13px||10px||false|false&#8221; global_colors_info=&#8221;{}&#8221;]<\/p>\n<p style=\"text-align: center;\">Paleta kolor\u00f3w marki<\/p>\n<p>[\/et_pb_text][et_pb_image src=&#8221;https:\/\/yellostudio.eu\/wp-content\/uploads\/2023\/06\/portfolio-na-strone-26.png&#8221; title_text=&#8221;portfolio na strone-26&#8243; _builder_version=&#8221;4.21.0&#8243; _module_preset=&#8221;default&#8221; custom_margin=&#8221;12px||-2px|||&#8221; custom_padding=&#8221;2px|||||&#8221; global_colors_info=&#8221;{}&#8221;][\/et_pb_image][et_pb_text _builder_version=&#8221;4.21.0&#8243; _module_preset=&#8221;default&#8221; text_font_size=&#8221;13px&#8221; custom_margin=&#8221;13px||10px||false|false&#8221; global_colors_info=&#8221;{}&#8221;]<\/p>\n<p style=\"text-align: center;\">Zestaw ilustracji<\/p>\n<p>[\/et_pb_text][et_pb_image src=&#8221;https:\/\/yellostudio.eu\/wp-content\/uploads\/2023\/06\/portfolio-na-strone-29.png&#8221; title_text=&#8221;portfolio na strone-29&#8243; _builder_version=&#8221;4.21.0&#8243; _module_preset=&#8221;default&#8221; custom_margin=&#8221;-8px||-8px|||&#8221; custom_padding=&#8221;7px|||||&#8221; global_colors_info=&#8221;{}&#8221;][\/et_pb_image][et_pb_text _builder_version=&#8221;4.21.0&#8243; _module_preset=&#8221;default&#8221; text_text_color=&#8221;#000000&#8243; custom_margin=&#8221;30px||24px|||&#8221; global_colors_info=&#8221;{}&#8221;]<\/p>\n<p style=\"text-align: center;\"><span style=\"color: #000000;\">Projekt pude\u0142ka do wysy\u0142ki Skarb\u00f3w Jogi<\/span><\/p>\n<p>[\/et_pb_text][\/et_pb_column][\/et_pb_row][et_pb_row column_structure=&#8221;1_2,1_2&#8243; _builder_version=&#8221;4.21.0&#8243; _module_preset=&#8221;default&#8221; max_width=&#8221;1220px&#8221; global_colors_info=&#8221;{}&#8221;][et_pb_column type=&#8221;1_2&#8243; _builder_version=&#8221;4.21.0&#8243; _module_preset=&#8221;default&#8221; global_colors_info=&#8221;{}&#8221;][et_pb_image src=&#8221;https:\/\/yellostudio.eu\/wp-content\/uploads\/2023\/06\/portfolio-na-strone-28.png&#8221; title_text=&#8221;portfolio na strone-28&#8243; _builder_version=&#8221;4.21.0&#8243; _module_preset=&#8221;default&#8221; background_color=&#8221;#f4f7fc&#8221; custom_margin=&#8221;-6px||31px||false|false&#8221; custom_padding=&#8221;||0px||false|false&#8221; global_colors_info=&#8221;{}&#8221;][\/et_pb_image][et_pb_text _builder_version=&#8221;4.21.0&#8243; _dynamic_attributes=&#8221;link_option_url&#8221; _module_preset=&#8221;default&#8221; text_font_size=&#8221;15px&#8221; custom_margin=&#8221;14px|||||&#8221; link_option_url=&#8221;@ET-DC@eyJkeW5hbWljIjp0cnVlLCJjb250ZW50IjoicG9zdF9saW5rX3VybF9wYWdlIiwic2V0dGluZ3MiOnsicG9zdF9pZCI6IjIxIn19@&#8221; global_colors_info=&#8221;{}&#8221;]<\/p>\n<p style=\"text-align: center;\">szablony grafik do medi\u00f3w spo\u0142eczno\u015bciowych<\/p>\n<p>[\/et_pb_text][\/et_pb_column][et_pb_column type=&#8221;1_2&#8243; _builder_version=&#8221;4.21.0&#8243; _module_preset=&#8221;default&#8221; global_colors_info=&#8221;{}&#8221;][ba_image_compare before_img=&#8221;https:\/\/yellostudio.eu\/wp-content\/uploads\/2023\/06\/insta-31.png&#8221; before_label=&#8221;przed&#8221; before_label_bg=&#8221;#7d68a9&#8243; after_img=&#8221;https:\/\/yellostudio.eu\/wp-content\/uploads\/2023\/06\/insta-32.png&#8221; after_label=&#8221;po&#8221; after_label_bg=&#8221;#7d68a9&#8243; _builder_version=&#8221;4.21.0&#8243; _module_preset=&#8221;default&#8221; custom_margin=&#8221;-12px|||||&#8221; custom_padding=&#8221;|133px||133px||true&#8221; custom_padding_tablet=&#8221;|133px||133px||true&#8221; custom_padding_phone=&#8221;|10px||10px|false|true&#8221; custom_padding_last_edited=&#8221;on|phone&#8221; global_colors_info=&#8221;{}&#8221;][\/ba_image_compare][et_pb_text _builder_version=&#8221;4.21.0&#8243; _dynamic_attributes=&#8221;link_option_url&#8221; _module_preset=&#8221;default&#8221; text_font_size=&#8221;15px&#8221; custom_margin=&#8221;14px|||||&#8221; link_option_url=&#8221;@ET-DC@eyJkeW5hbWljIjp0cnVlLCJjb250ZW50IjoicG9zdF9saW5rX3VybF9wYWdlIiwic2V0dGluZ3MiOnsicG9zdF9pZCI6IjIxIn19@&#8221; global_colors_info=&#8221;{}&#8221;]<\/p>\n<p style=\"text-align: center;\">\u00a0zobacz, jak\u0105 metamorfoz\u0119 przeszed\u0142 instagram Agnieszki \ud83d\ude42<\/p>\n<p>[\/et_pb_text][\/et_pb_column][\/et_pb_row][et_pb_row _builder_version=&#8221;4.21.0&#8243; _module_preset=&#8221;default&#8221; width=&#8221;100%&#8221; max_width=&#8221;1220px&#8221; custom_padding=&#8221;4px|||||&#8221; global_colors_info=&#8221;{}&#8221;][et_pb_column type=&#8221;4_4&#8243; _builder_version=&#8221;4.17.4&#8243; _module_preset=&#8221;default&#8221; global_colors_info=&#8221;{}&#8221;][et_pb_social_media_follow _builder_version=&#8221;4.21.0&#8243; _module_preset=&#8221;default&#8221; text_orientation=&#8221;center&#8221; custom_margin=&#8221;||-2px|||&#8221; global_colors_info=&#8221;{}&#8221;][et_pb_social_media_follow_network social_network=&#8221;instagram&#8221; url=&#8221;https:\/\/www.instagram.com\/skarbyjogidladzieci\/&#8221; use_icon_font_size=&#8221;on&#8221; icon_font_size=&#8221;20px&#8221; _builder_version=&#8221;4.21.0&#8243; _module_preset=&#8221;default&#8221; background_color=&#8221;#000000&#8243; background_enable_color=&#8221;on&#8221; border_radii=&#8221;on|19px|19px|19px|19px&#8221; global_colors_info=&#8221;{}&#8221; follow_button=&#8221;off&#8221; url_new_window=&#8221;on&#8221;]instagram[\/et_pb_social_media_follow_network][\/et_pb_social_media_follow][et_pb_text _builder_version=&#8221;4.21.0&#8243; _dynamic_attributes=&#8221;link_option_url&#8221; _module_preset=&#8221;default&#8221; text_font_size=&#8221;15px&#8221; link_option_url=&#8221;@ET-DC@eyJkeW5hbWljIjp0cnVlLCJjb250ZW50IjoicG9zdF9saW5rX3VybF9wYWdlIiwic2V0dGluZ3MiOnsicG9zdF9pZCI6IjIxIn19@&#8221; global_colors_info=&#8221;{}&#8221;]<\/p>\n<p style=\"text-align: center;\">INSTAGRAM AGNIESZKI<\/p>\n<p>[\/et_pb_text][et_pb_image src=&#8221;https:\/\/yellostudio.eu\/wp-content\/uploads\/2023\/06\/portfolio-na-strone-27.png&#8221; title_text=&#8221;portfolio na strone-27&#8243; _builder_version=&#8221;4.21.0&#8243; _module_preset=&#8221;default&#8221; background_color=&#8221;#f4f7fc&#8221; custom_margin=&#8221;-21px||-5px||false|false&#8221; custom_padding=&#8221;||0px||false|false&#8221; global_colors_info=&#8221;{}&#8221;][\/et_pb_image][et_pb_image src=&#8221;https:\/\/yellostudio.eu\/wp-content\/uploads\/2023\/06\/portfolio-na-strone-30.png&#8221; title_text=&#8221;portfolio na strone-30&#8243; _builder_version=&#8221;4.21.0&#8243; _module_preset=&#8221;default&#8221; background_color=&#8221;#f4f7fc&#8221; custom_margin=&#8221;-21px||-5px||false|false&#8221; custom_padding=&#8221;||0px||false|false&#8221; global_colors_info=&#8221;{}&#8221;][\/et_pb_image][et_pb_text _builder_version=&#8221;4.21.0&#8243; _module_preset=&#8221;default&#8221; text_text_color=&#8221;#000000&#8243; custom_margin=&#8221;30px||24px|||&#8221; global_colors_info=&#8221;{}&#8221;]<\/p>\n<p style=\"text-align: center;\"><span style=\"color: #000000;\">Zestaw ikonek<\/span><\/p>\n<p>[\/et_pb_text][\/et_pb_column][\/et_pb_row][et_pb_row column_structure=&#8221;2_5,3_5&#8243; _builder_version=&#8221;4.21.0&#8243; _module_preset=&#8221;default&#8221; background_color=&#8221;#b6a6cd&#8221; width=&#8221;100%&#8221; width_tablet=&#8221;100%&#8221; width_phone=&#8221;100%&#8221; width_last_edited=&#8221;on|phone&#8221; max_width=&#8221;1201px&#8221; custom_margin=&#8221;-19px|auto||auto||&#8221; custom_padding=&#8221;36px||32px|||&#8221; locked=&#8221;off&#8221; global_colors_info=&#8221;{}&#8221;][et_pb_column type=&#8221;2_5&#8243; _builder_version=&#8221;4.21.0&#8243; _module_preset=&#8221;default&#8221; global_colors_info=&#8221;{}&#8221;][et_pb_image src=&#8221;https:\/\/yellostudio.eu\/wp-content\/uploads\/2023\/06\/Projekt-bez-nazwy-1.gif&#8221; title_text=&#8221;Projekt bez nazwy (1)&#8221; _builder_version=&#8221;4.21.0&#8243; _module_preset=&#8221;default&#8221; custom_margin=&#8221;||-29px|||&#8221; custom_padding=&#8221;|0px||208px||false&#8221; custom_padding_tablet=&#8221;|0px||208px||false&#8221; custom_padding_phone=&#8221;|120px||120px|false|true&#8221; custom_padding_last_edited=&#8221;on|phone&#8221; global_colors_info=&#8221;{}&#8221;][\/et_pb_image][\/et_pb_column][et_pb_column type=&#8221;3_5&#8243; _builder_version=&#8221;4.17.3&#8243; _module_preset=&#8221;default&#8221; global_colors_info=&#8221;{}&#8221;][et_pb_text _builder_version=&#8221;4.21.0&#8243; _module_preset=&#8221;default&#8221; text_font=&#8221;Poppins||||||||&#8221; text_text_color=&#8221;#000000&#8243; text_line_height=&#8221;1.8em&#8221; custom_margin_tablet=&#8221;&#8221; custom_margin_phone=&#8221;||0px||false|false&#8221; custom_margin_last_edited=&#8221;on|phone&#8221; custom_padding=&#8221;5px|||0px|false|false&#8221; custom_padding_tablet=&#8221;122px|||106px|false|false&#8221; custom_padding_phone=&#8221;20px|20px||20px|false|true&#8221; custom_padding_last_edited=&#8221;on|phone&#8221; text_line_height_tablet=&#8221;1.3em&#8221; text_line_height_phone=&#8221;1.9em&#8221; text_line_height_last_edited=&#8221;on|phone&#8221; global_colors_info=&#8221;{}&#8221;]<\/p>\n<p><span style=\"font-size: xx-large;\"><strong>Agnieszka o naszej wsp\u00f3\u0142pracy:<\/strong><\/span><\/p>\n<p>[\/et_pb_text][et_pb_text _builder_version=&#8221;4.21.0&#8243; _module_preset=&#8221;default&#8221; text_font=&#8221;Poppins||||||||&#8221; text_text_color=&#8221;#000000&#8243; text_line_height=&#8221;1.3em&#8221; custom_padding=&#8221;5px|54px||1px|false|false&#8221; custom_padding_tablet=&#8221;122px|||106px|false|false&#8221; custom_padding_phone=&#8221;20px|20px||20px|false|true&#8221; custom_padding_last_edited=&#8221;on|phone&#8221; text_line_height_tablet=&#8221;1.3em&#8221; text_line_height_phone=&#8221;1.4em&#8221; text_line_height_last_edited=&#8221;on|phone&#8221; global_colors_info=&#8221;{}&#8221;]<\/p>\n<p>Odk\u0105d trafi\u0142am na profil Kasi na Instagramie marzy\u0142am o tym, aby \u201epokolorowa\u0142a\u201d i zadba\u0142a o moje grafiki. Uj\u0119\u0142a mnie jej pozytywna energia i kreatywno\u015b\u0107.<\/p>\n<p>Kasia zaprojektowa\u0142a identyfikacj\u0119 wizualn\u0105 mojej marki i przygotowa\u0142a dla mnie szablony publikacji. Musz\u0119 przyzna\u0107, \u017ce na pocz\u0105tku troch\u0119 si\u0119 obawia\u0142am ca\u0142ego procesu, bo gdy sobie co\u015b wymy\u015bl\u0119, trudno mi i\u015b\u0107 na ust\u0119pstwa \ud83d\ude09 i miewam problemy z dokonaniem wyboru.<\/p>\n<p>Niepotrzebnie si\u0119 denerwowa\u0142am, bo na ka\u017cdym etapie <strong>Kasia uwa\u017cnie wys\u0142uchiwa\u0142a moich potrzeb i podejmowa\u0142a dzia\u0142ania, aby u\u0142atwi\u0107 mi przechodzenie z jednego etapu na drugi.<\/strong> Komunikacja by\u0142a na fantastycznym poziomie! W konsekwencji powsta\u0142a identyfikacja wizualna, o kt\u00f3rej nie \u015bmia\u0142am wcze\u015bniej marzy\u0107. <strong>W pe\u0142ni oddaje moj\u0105 osobowo\u015b\u0107, misj\u0119 firmy i to, czym si\u0119 zajmuj\u0119.<\/strong> Uwielbiam nowe logo i kocham zaproponowane kolory! <strong>Wci\u0105\u017c ka\u017cdego dnia zagl\u0105dam na m\u00f3j feed, aby nacieszy\u0107 si\u0119 dobr\u0105 energi\u0105, kt\u00f3ra z niego bije!<\/strong><\/p>\n<p><strong>Co wi\u0119cej Kasia wci\u0105\u017c s\u0142u\u017cy mi rad\u0105 i uzupe\u0142nia identyfikacj\u0119 o elementy, kt\u00f3re okazuj\u0105 si\u0119 jeszcze potrzebne.<\/strong> Jestem ogromnie wdzi\u0119czna Kasi za t\u0119 metamorfoz\u0119 i z czystym sumieniem polecam ka\u017cdemu jej us\u0142ugi. <strong>Nie po\u017ca\u0142ujecie!<\/strong><\/p>\n<p>[\/et_pb_text][\/et_pb_column][\/et_pb_row][et_pb_row _builder_version=&#8221;4.17.3&#8243; _module_preset=&#8221;default&#8221; global_colors_info=&#8221;{}&#8221;][et_pb_column type=&#8221;4_4&#8243; _builder_version=&#8221;4.17.3&#8243; _module_preset=&#8221;default&#8221; global_colors_info=&#8221;{}&#8221;][et_pb_text _builder_version=&#8221;4.21.0&#8243; _module_preset=&#8221;default&#8221; text_font_size=&#8221;25px&#8221; text_line_height=&#8221;1.4em&#8221; custom_margin=&#8221;65px|||||&#8221; global_colors_info=&#8221;{}&#8221;]<\/p>\n<p style=\"text-align: center;\"><strong>Masz ochot\u0119 na grafiki, kt\u00f3re dodadz\u0105 Ci mocy do dzia\u0142ania?<\/strong><\/p>\n<p>[\/et_pb_text][et_pb_button button_url=&#8221;@ET-DC@eyJkeW5hbWljIjp0cnVlLCJjb250ZW50IjoicG9zdF9saW5rX3VybF9wYWdlIiwic2V0dGluZ3MiOnsicG9zdF9pZCI6IjIzIn19@&#8221; button_text=&#8221;wsp\u00f3\u0142pracujmy!&#8221; button_alignment=&#8221;center&#8221; _builder_version=&#8221;4.21.0&#8243; _dynamic_attributes=&#8221;button_url&#8221; _module_preset=&#8221;default&#8221; custom_button=&#8221;on&#8221; button_text_size=&#8221;26px&#8221; button_text_color=&#8221;#000000&#8243; button_bg_color=&#8221;#FFFFFF&#8221; button_border_width=&#8221;2px&#8221; button_border_color=&#8221;gcid-9e4c90fa-1c36-4a85-8e6b-1acd189a74b7&#8243; button_border_radius=&#8221;0px&#8221; button_font=&#8221;Poppins|||||on|||&#8221; button_icon=&#8221;&#x24;||divi||400&#8243; button_on_hover=&#8221;off&#8221; background_layout=&#8221;dark&#8221; custom_margin=&#8221;32px||||false|false&#8221; box_shadow_style=&#8221;preset4&#8243; box_shadow_horizontal=&#8221;4px&#8221; box_shadow_vertical=&#8221;4px&#8221; box_shadow_color=&#8221;gcid-08622478-e68a-4b8e-a5b0-91ecbfbe3775&#8243; locked=&#8221;off&#8221; global_colors_info=&#8221;{%22gcid-9e4c90fa-1c36-4a85-8e6b-1acd189a74b7%22:%91%22button_border_color%22%93,%22gcid-08622478-e68a-4b8e-a5b0-91ecbfbe3775%22:%91%22box_shadow_color%22,%22button_border_color%22,%22button_bg_color%22%93}&#8221;][\/et_pb_button][et_pb_text _builder_version=&#8221;4.21.0&#8243; _dynamic_attributes=&#8221;link_option_url&#8221; _module_preset=&#8221;default&#8221; link_option_url=&#8221;@ET-DC@eyJkeW5hbWljIjp0cnVlLCJjb250ZW50IjoicG9zdF9saW5rX3VybF9wYWdlIiwic2V0dGluZ3MiOnsicG9zdF9pZCI6IjIxIn19@&#8221; global_colors_info=&#8221;{}&#8221;]<\/p>\n<p style=\"text-align: center;\">ZOBACZ WI\u0118CEJ PROJEKT\u00d3W<\/p>\n<p>[\/et_pb_text][\/et_pb_column][\/et_pb_row][\/et_pb_section]<\/p>\n","protected":false},"excerpt":{"rendered":"<p>Agnieszka, kt\u00f3ra tworzy mark\u0119 Skarby Jogi dla Dzieci jest pe\u0142n\u0105 pasji edukatork\u0105, kt\u00f3ra pokazuje dzieciom, rodzicom i nauczycielom, \u017ce joga to wspania\u0142y spos\u00f3b na sp\u0119dzenie czasu.Zale\u017cy jej na tym, aby jak najwi\u0119cej dzieci i nastolatk\u00f3w spotka\u0142o si\u0119 z jog\u0105, bo ka\u017cdego dnia obserwuje, jakie wspania\u0142e efekty przynosi ona dla ich rozwoju. Jej marka posiada\u0142a ju\u017c [&hellip;]<\/p>\n","protected":false},"author":1,"featured_media":0,"parent":0,"menu_order":0,"comment_status":"closed","ping_status":"closed","template":"","meta":{"_et_pb_use_builder":"on","_et_pb_old_content":"","_et_gb_content_width":"","footnotes":""},"class_list":["post-335554","page","type-page","status-publish","hentry"],"_links":{"self":[{"href":"https:\/\/yellostudio.eu\/index.php?rest_route=\/wp\/v2\/pages\/335554","targetHints":{"allow":["GET"]}}],"collection":[{"href":"https:\/\/yellostudio.eu\/index.php?rest_route=\/wp\/v2\/pages"}],"about":[{"href":"https:\/\/yellostudio.eu\/index.php?rest_route=\/wp\/v2\/types\/page"}],"author":[{"embeddable":true,"href":"https:\/\/yellostudio.eu\/index.php?rest_route=\/wp\/v2\/users\/1"}],"replies":[{"embeddable":true,"href":"https:\/\/yellostudio.eu\/index.php?rest_route=%2Fwp%2Fv2%2Fcomments&post=335554"}],"version-history":[{"count":12,"href":"https:\/\/yellostudio.eu\/index.php?rest_route=\/wp\/v2\/pages\/335554\/revisions"}],"predecessor-version":[{"id":335936,"href":"https:\/\/yellostudio.eu\/index.php?rest_route=\/wp\/v2\/pages\/335554\/revisions\/335936"}],"wp:attachment":[{"href":"https:\/\/yellostudio.eu\/index.php?rest_route=%2Fwp%2Fv2%2Fmedia&parent=335554"}],"curies":[{"name":"wp","href":"https:\/\/api.w.org\/{rel}","templated":true}]}}