{"id":335856,"date":"2024-05-22T10:10:18","date_gmt":"2024-05-22T08:10:18","guid":{"rendered":"https:\/\/yellostudio.eu\/?page_id=335856"},"modified":"2024-05-22T15:44:35","modified_gmt":"2024-05-22T13:44:35","slug":"polityka-prywatnosci","status":"publish","type":"page","link":"https:\/\/yellostudio.eu\/?page_id=335856","title":{"rendered":"Polityka prywatno\u015bci"},"content":{"rendered":"\n[et_pb_section fb_built=&#8221;1&#8243; _builder_version=&#8221;4.25.1&#8243; _module_preset=&#8221;default&#8221; global_colors_info=&#8221;{}&#8221;][et_pb_row _builder_version=&#8221;4.25.1&#8243; _module_preset=&#8221;default&#8221; global_colors_info=&#8221;{}&#8221;][et_pb_column type=&#8221;4_4&#8243; _builder_version=&#8221;4.25.1&#8243; _module_preset=&#8221;default&#8221; global_colors_info=&#8221;{}&#8221;][et_pb_text _builder_version=&#8221;4.25.1&#8243; _module_preset=&#8221;default&#8221; global_colors_info=&#8221;{}&#8221;]<h1 style=\"text-align: center;\"><strong><mark>Polityka Prywatno\u015bci<\/strong><\/h1>[\/et_pb_text][\/et_pb_column][\/et_pb_row][et_pb_row column_structure=&#8221;1_2,1_2&#8243; _builder_version=&#8221;4.25.1&#8243; _module_preset=&#8221;default&#8221; global_colors_info=&#8221;{}&#8221;][et_pb_column type=&#8221;1_2&#8243; _builder_version=&#8221;4.25.1&#8243; _module_preset=&#8221;default&#8221; global_colors_info=&#8221;{}&#8221;][et_pb_text _builder_version=&#8221;4.25.1&#8243; _module_preset=&#8221;default&#8221; global_colors_info=&#8221;{}&#8221;]<h3><strong>I Postanowienia og\u00f3lne<\/strong><\/h3>\n<p><strong>1. Niniejsza Polityka ochrony prywatno\u015bci<\/strong> okre\u015bla spos\u00f3b zbierania, przetwarzania i przechowywania<br \/>danych osobowych koniecznych do \u015bwiadczenia us\u0142ug drog\u0105 elektroniczn\u0105 za po\u015brednictwem serwisu<br \/>internetowego w domenie <span style=\"color: #000000;\"><a href=\"https:\/\/yellostudio.eu\" style=\"color: #000000;\">www.yellostudio.pl<\/a><\/span> (dalej: Serwis).<\/p>\n<p><strong>2.<\/strong> <strong>Administratorem<\/strong> danych osobowych U\u017cytkownik\u00f3w jest Katarzyna Przyby\u0142a 167 The Avenue Hg14QG Harrogate UK (dalej:<br \/>Administrator).<\/p>\n<p><strong>3. Dane osobowe<\/strong> przetwarzane s\u0105 zgodnie z Rozporz\u0105dzeniem Parlamentu Europejskiego i Rady (UE)<br \/>2016\/679 z dnia 27 kwietnia 2016 r. w sprawie ochrony os\u00f3b fizycznych w zwi\u0105zku z przetwarzaniem<br \/>danych osobowych i w sprawie swobodnego przep\u0142ywu takich danych oraz uchylenia dyrektywy<br \/>95\/46\/WE (og\u00f3lne rozporz\u0105dzenie o ochronie danych) (dalej: RODO).<\/p>\n<p><strong>4. Zbierane przez Administratora dane<\/strong> b\u0119d\u0105:<br \/>\u2013 przetwarzane zgodnie z prawem,<br \/>\u2013 przetwarzane w wyra\u017anie okre\u015blonych celach i niepoddawane dalszemu przetwarzaniu<br \/>niezgodnemu z tymi celami,<br \/>\u2013 merytorycznie poprawne i adekwatne w stosunku do cel\u00f3w, w jakich s\u0105 przetwarzane,<br \/>\u2013 przechowywane nie d\u0142u\u017cej ni\u017c jest to niezb\u0119dne do osi\u0105gni\u0119cia celu przetwarzania.<\/p>\n<h3><strong>II. Cel i podstawy prawne przetwarzania danych<\/strong><\/h3>\n<p><strong>1. Administrator<\/strong> przetwarza dane osobowe niezb\u0119dne do \u015bwiadczenia i rozwoju oferowanych us\u0142ug dost\u0119pnych za po\u015brednictwem Serwisu oraz poszczeg\u00f3lnych jego funkcjonalno\u015bci.<\/p>\n<p><strong>2. Dane osobowe<\/strong> przetwarzane b\u0119d\u0105 w nast\u0119puj\u0105cych celach:<br \/><strong>a. rejestracji konta<\/strong>, weryfikacji to\u017csamo\u015bci U\u017cytkownika oraz realizacji umowy o \u015bwiadczeniu us\u0142ug drog\u0105 elektroniczn\u0105 zgodnie z ustaw\u0105 z dnia 18 lipca 2002 r. o \u015bwiadczeniu us\u0142ug drog\u0105 elektroniczn\u0105, w tym w szczeg\u00f3lno\u015bci poprzez zapewnienie mo\u017cliwo\u015bci korzystania z konta U\u017cytkownika \u2013 na podstawie akceptacji warunk\u00f3w Regulaminu (art. 6 ust. 1 lit. b RODO);<br \/><strong>b. komunikacji z U\u017cytkownikiem<\/strong> w celu dostarczeniu mu niezb\u0119dnych informacji oraz budowania pozytywnych i rzetelnych relacji z Nim, co stanowi prawnie uzasadniony interes Administratora (art. 6 ust. 1 lit. f RODO);<br \/><strong>c. promowania przez Administratora produkt\u00f3w i\/lub us\u0142ug<\/strong> w\u0142asnych oraz swoich Partner\u00f3w poprzez kierowanie drog\u0105 elektroniczn\u0105 Informacji marketingowych (newsletter) o ile<br \/>U\u017cytkownik wyrazi\u0142 zgod\u0119 na otrzymywanie takich powiadomie\u0144 za po\u015brednictwem e-mail (art. 6 ust. 1 lit. a RODO);<br \/><strong>d. udzielenia dost\u0119pu do informacji<\/strong> o nowo\u015bciach z bran\u017cy bezpo\u015brednio powi\u0105zanej z dzia\u0142alno\u015bci\u0105 Administratora, o ile U\u017cytkownik wyrazi\u0142 zgod\u0119 na otrzymywanie takich powiadomie\u0144 za<br \/>po\u015brednictwem e-mail (art. 6 ust. 1 lit. a RODO),<br \/><strong>e. w celach analitycznych i statystycznych<\/strong> na podstawie prawnie uzasadnionego interesu Administratora polegaj\u0105cego na prowadzeniu weryfikacji aktywno\u015bci U\u017cytkownik\u00f3w i ich preferencji dla optymalizacji us\u0142ug i produkt\u00f3w oraz stosowanych funkcjonalno\u015bci Serwisu<br \/>(art. 6 ust. 1 lit. f RODO);<br \/><strong>f. ewentualnego ustalenia<\/strong>, dochodzenia roszcze\u0144 lub obrony przed nimi na podstawie prawnie uzasadnionego interesu Administratora polegaj\u0105cego na ochronie jej praw (art. 6 ust. 1 lit. f RODO).<\/p>[\/et_pb_text][\/et_pb_column][et_pb_column type=&#8221;1_2&#8243; _builder_version=&#8221;4.25.1&#8243; _module_preset=&#8221;default&#8221; global_colors_info=&#8221;{}&#8221;][et_pb_text _builder_version=&#8221;4.25.1&#8243; _module_preset=&#8221;default&#8221; global_colors_info=&#8221;{}&#8221;]<p><strong>3. W ka\u017cdym z wymienionych powy\u017cej przypadk\u00f3w<\/strong> (ust 2) podanie danych jest dobrowolne, jednak<br \/>konieczne do zawarcia umowy lub skorzystania z innych funkcjonalno\u015bci Serwisu.<\/p>\n<h3><strong>III. Okres przetwarzania danych osobowych<\/strong><\/h3>\n<p><strong>1. Dane osobowe<\/strong> b\u0119d\u0105 przetwarzane przez okres, w kt\u00f3rym osoba pozostaje aktywnym U\u017cytkownikiem Serwisu (posiada konto U\u017cytkownika), a po tym czasie przez okres niezb\u0119dny do zachowania zgodno\u015bci z przepisami prawa, dochodzenia lub obrony przed ewentualnymi roszczeniami, jednak nie d\u0142u\u017cej ni\u017c 3 lat liczone od dnia rozwi\u0105zania umowy o \u015bwiadczeniu us\u0142ug drog\u0105 elektroniczn\u0105.<\/p>\n<p><strong>2. Dane przetwarzane na podstawie zgody<\/strong> b\u0119d\u0105 przetwarzane do czasu wycofania udzielonej zgody z zastrze\u017ceniem, \u017ce wycofanie tej zgody nie ma wp\u0142ywu na zgodno\u015b\u0107 przetwarzania danych, kt\u00f3rego dokonano przed tym wycofaniem.<\/p>\n<h3><strong>IV. Informacje o przetwarzaniu<\/strong><\/h3>\n<p><strong>1. Dane osobowe<\/strong> w zale\u017cno\u015bci od celu przetwarzania mog\u0105 zosta\u0107 ujawnione:<br \/>a. podmiotom powi\u0105zanym z Administratorem<br \/>b. podmiotom wsp\u00f3\u0142pracuj\u0105cym z Administratorem,<br \/>c. podwykonawcom, w szczeg\u00f3lno\u015bci podmiotom dostarczaj\u0105cym i obs\u0142uguj\u0105cym wybrane<br \/>systemy i rozwi\u0105zania informatyczne,<br \/>d. podmiotom obs\u0142uguj\u0105cym p\u0142atno\u015bci internetowe,<br \/>e. podmiotom \u015bwiadcz\u0105cym us\u0142ugi kuriersko-pocztowe,<br \/>f. kancelariom prawnym.<\/p>\n<p><strong>2. Dane osobowe<\/strong> przetwarzane przez Administratorem, nie b\u0119d\u0105\/b\u0119d\u0105 przekazywane poza Europejski<br \/>Obszar Gospodarczy ani do organizacji mi\u0119dzynarodowych.<\/p>\n<h3><strong>V. Prawa os\u00f3b, kt\u00f3rych dane dotycz\u0105<\/strong><\/h3>\n<p><strong>1. U\u017cytkownik Serwisu ma prawo:<\/strong><br \/>&#8211; dost\u0119pu do tre\u015bci swoich danych osobowych<br \/>&#8211; sprostowania danych<br \/>&#8211; usuni\u0119cia danych<br \/>&#8211; ograniczenia przetwarzania danych<br \/>&#8211; przenoszenia danych<br \/>&#8211; wniesienia sprzeciwu wobec przetwarzania odbywaj\u0105cego si\u0119 na podstawie prawienie usprawiedliwionego interesu administratora<br \/>&#8211; wycofania zgody w dowolnym momencie bez wp\u0142ywu na zgodno\u015b\u0107 z prawem przetwarzania, kt\u00f3rego dokonano na podstawie tej zgody przed jej wycofaniem<\/p>\n<p><strong>2. U\u017cytkownik ma prawo<\/strong> do wniesienia skargi do Prezesa Urz\u0119du Ochrony Danych Osobowych w sytuacji, w kt\u00f3rej uzna, \u017ce przetwarzanie narusza jego prawa i wolno\u015bci.<\/p>\n<p><strong>3. W procesie przetwarzania danych<\/strong> nie dochodzi do zautomatyzowanego podejmowania decyzji w tym do profilowania.<\/p>\n<h3><strong>VI. Postanowienia ko\u0144cowe<\/strong><\/h3>\n<p><strong>1. Administrator zastrzega sobie prawo<\/strong> do wprowadzenia zmian w niniejszej Polityce prywatno\u015bci jednocze\u015bnie zapewnia, \u017ce prawa U\u017cytkownik\u00f3w wynikaj\u0105ce z niniejszego dokumenty nie zostan\u0105<br \/>ograniczone.<\/p>\n<p><strong>2. O wszelkich zmianach<\/strong> w Polityce prywatno\u015bci U\u017cytkownik zostanie poinformowany poprzez komunikat dost\u0119pny w Serwisie.<\/p>[\/et_pb_text][\/et_pb_column][\/et_pb_row][\/et_pb_section]\n","protected":false},"excerpt":{"rendered":"<p>Polityka Prywatno\u015bciI Postanowienia og\u00f3lne 1. Niniejsza Polityka ochrony prywatno\u015bci okre\u015bla spos\u00f3b zbierania, przetwarzania i przechowywaniadanych osobowych koniecznych do \u015bwiadczenia us\u0142ug drog\u0105 elektroniczn\u0105 za po\u015brednictwem serwisuinternetowego w domenie www.yellostudio.pl (dalej: Serwis). 2. Administratorem danych osobowych U\u017cytkownik\u00f3w jest Katarzyna Przyby\u0142a 167 The Avenue Hg14QG Harrogate UK (dalej:Administrator). 3. Dane osobowe przetwarzane s\u0105 zgodnie z Rozporz\u0105dzeniem Parlamentu Europejskiego [&hellip;]<\/p>\n","protected":false},"author":1,"featured_media":0,"parent":0,"menu_order":0,"comment_status":"closed","ping_status":"closed","template":"","meta":{"_et_pb_use_builder":"on","_et_pb_old_content":"","_et_gb_content_width":"","footnotes":""},"class_list":["post-335856","page","type-page","status-publish","hentry"],"_links":{"self":[{"href":"https:\/\/yellostudio.eu\/index.php?rest_route=\/wp\/v2\/pages\/335856","targetHints":{"allow":["GET"]}}],"collection":[{"href":"https:\/\/yellostudio.eu\/index.php?rest_route=\/wp\/v2\/pages"}],"about":[{"href":"https:\/\/yellostudio.eu\/index.php?rest_route=\/wp\/v2\/types\/page"}],"author":[{"embeddable":true,"href":"https:\/\/yellostudio.eu\/index.php?rest_route=\/wp\/v2\/users\/1"}],"replies":[{"embeddable":true,"href":"https:\/\/yellostudio.eu\/index.php?rest_route=%2Fwp%2Fv2%2Fcomments&post=335856"}],"version-history":[{"count":6,"href":"https:\/\/yellostudio.eu\/index.php?rest_route=\/wp\/v2\/pages\/335856\/revisions"}],"predecessor-version":[{"id":335899,"href":"https:\/\/yellostudio.eu\/index.php?rest_route=\/wp\/v2\/pages\/335856\/revisions\/335899"}],"wp:attachment":[{"href":"https:\/\/yellostudio.eu\/index.php?rest_route=%2Fwp%2Fv2%2Fmedia&parent=335856"}],"curies":[{"name":"wp","href":"https:\/\/api.w.org\/{rel}","templated":true}]}}